{"id":5404,"date":"2023-09-11T16:31:40","date_gmt":"2023-09-11T08:31:40","guid":{"rendered":"https:\/\/papamoto.tw\/shop\/product\/tanax-motofizz-mini-field-%e5%be%8c%e5%ba%a7%e5%8c%85%e9%bb%91%e6%a9%98-mfk-251\/"},"modified":"2026-04-03T20:59:43","modified_gmt":"2026-04-03T12:59:43","slug":"tanax-motofizz-mfk251","status":"publish","type":"product","link":"https:\/\/papamoto.tw\/shop\/product\/tanax-motofizz-mfk251\/","title":{"rendered":"TANAX motoFizz MFK-251 Mini Field \u5f8c\u5ea7\u5305(\u9ed1\u6a58)"},"content":{"rendered":"<p><iframe title=\"KTM\u8eca\u4e3b\u770b\u904e\u4f86\uff5e\uff5eTANAX MFK-251 \u5f8c\u5ea7\u5305 \u5be6\u7528\u7f8e\u89c0\u517c\u5177\uff01\uff01#tanax #ktm #rc390\" width=\"563\" height=\"1000\" src=\"https:\/\/www.youtube.com\/embed\/2Q80jUu28N4?feature=oembed\" frameborder=\"0\" allow=\"accelerometer; autoplay; clipboard-write; encrypted-media; gyroscope; picture-in-picture; web-share\" referrerpolicy=\"strict-origin-when-cross-origin\" allowfullscreen><\/iframe><\/p>\n<div class=\"youtube-rwd\">\n<p><iframe title=\"TANAX Motofizz Motorcycle Bags\" width=\"1290\" height=\"726\" src=\"https:\/\/www.youtube.com\/embed\/XdLOoX7oZI4?feature=oembed\" frameborder=\"0\" allow=\"accelerometer; autoplay; clipboard-write; encrypted-media; gyroscope; picture-in-picture; web-share\" referrerpolicy=\"strict-origin-when-cross-origin\" allowfullscreen><\/iframe><\/p>\n<\/div>\n<p>\u54c1\u724c\uff1a\u65e5\u672c TANAX<br \/>\n\u578b\u865f\uff1aMFK-251<br \/>\n\u984f\u8272\uff1a\u9ed1\u6a58<br \/>\n\u5c3a\u5bf8\uff1a200(H)\u00d7370(W)\u00d7300(D)mm ~ 200(H)\u00d7510(W)\u00d7300(D)mm<br \/>\n\u5bb9\u91cf\uff1a19~27L<br \/>\n\u6750\u8cea\uff1a1680D\u5c3c\u9f8d\uff0bPVC\u76ae\u9769<br \/>\n\u9644\u4ef6\uff1aK\u578b\u56fa\u5b9a\u7e6b\u5e36\u3001\u9632\u96e8\u7f69\u3001\u9023\u63a5\u6263\u3001\u80a9\u5e36<br \/>\n\u7522\u54c1\u8aaa\u660e\uff1a<br \/>\n\u5927\u5bb9\u91cf\u5f8c\u5ea7\u5305\uff0c\u9644\u6709\u5169\u500b\u7f6e\u676f\u888b\u53ca\u5074\u908a\u5c0f\u5de5\u5177\u888b\uff1b\u9069\u5408\u591a\u6578\u8eca\u6b3e\u5b89\u88dd\u4f7f\u7528\uff0c\u9664\u4e86\u5b89\u88dd\u65bc\u5f8c\u5ea7\u4f4d\u7f6e\u4e0a\uff0c\u4ea6\u53ef\u56fa\u5b9a\u653e\u7f6e\u5728\u8ca8\u67b6\u4e0a\u3002<br \/>\n\u5feb\u901f\u9023\u63a5\u6263\u7684\u8a2d\u8a08\uff0c\u4e0d\u50c5\u5b89\u88dd\u65b9\u4fbf\uff0c\u4e0b\u8eca\u89e3\u958b\u6263\u74b0\u5373\u53ef\u5e36\u8d70\u5305\u5305\uff0c\u88dd\u4e0a\u80a9\u5e36\u99ac\u4e0a\u8b8a\u6210\u96a8\u8eab\u884c\u674e\u3002<br \/>\n\u5305\u5305\u5927\u958b\u53e3\u8a2d\u8a08\u65b9\u4fbf\u62ff\u53d6\u7269\u54c1\uff0c\u53ef\u8b8a\u5bb9\u91cf\u8a2d\u8a08\uff0c\u4f9d\u9700\u6c42\u53ef\u8abf\u6574\u5bb9\u91cf\u70ba19L\u621627L\u3002<br \/>\n\u5305\u5305\u6750\u8cea\u70ba1680D\u5c3c\u9f8d\uff0c\u8010\u78e8\u8010\u64cd\u9632\u6f51\u6c34\uff0c\u9047\u4e0a\u5927\u96e8\u9084\u53ef\u4f7f\u7528\u5167\u9644\u7684\u9632\u96e8\u7f69\uff0c\u9632\u96e8\u6027\u80fd\u66f4\u52a0\u63d0\u5347\u3002<br \/>\n\u6574\u9ad4\u800c\u8a00\uff0c\u5168\u5929\u5019\u7684\u8a2d\u8a08\u8207\u512a\u7570\u7684\u6536\u7d0d\u529f\u80fd\uff0c\u7d55\u5c0d\u662f\u65c5\u884c\u4e2d\u4e0d\u53ef\u6216\u7f3a\u7684\u597d\u5305\u5305\u3002<br \/>\n\u65e5\u672c\u539f\u5ee0\u6388\u6b0a\u9032\u53e3\u7d93\u92b7\uff0c\u73fe\u8ca8\u5728\u53f0\u3002<\/p>\n","protected":false},"excerpt":{"rendered":"<p><span style=\"color: #ff0000\"><strong>\u52a0\u8d08 Tanax motoFizz 1-V \u5f48\u6027\u7e69 (\u4e0d\u6311\u8272) !!<\/strong><\/span><\/p>\n","protected":false},"featured_media":5958,"template":"","meta":[],"product_brand":[1233],"product_cat":[44],"product_tag":[68,1063],"class_list":{"0":"post-5404","1":"product","2":"type-product","3":"status-publish","4":"has-post-thumbnail","6":"product_brand-tanax","7":"product_cat-seatbags","8":"product_tag-tanax","9":"product_tag-1063","10":"product_shipping_class-bigsize","12":"first","13":"instock","14":"sale","15":"taxable","16":"shipping-taxable","17":"purchasable","18":"product-type-simple"},"_links":{"self":[{"href":"https:\/\/papamoto.tw\/shop\/wp-json\/wp\/v2\/product\/5404","targetHints":{"allow":["GET"]}}],"collection":[{"href":"https:\/\/papamoto.tw\/shop\/wp-json\/wp\/v2\/product"}],"about":[{"href":"https:\/\/papamoto.tw\/shop\/wp-json\/wp\/v2\/types\/product"}],"wp:featuredmedia":[{"embeddable":true,"href":"https:\/\/papamoto.tw\/shop\/wp-json\/wp\/v2\/media\/5958"}],"wp:attachment":[{"href":"https:\/\/papamoto.tw\/shop\/wp-json\/wp\/v2\/media?parent=5404"}],"wp:term":[{"taxonomy":"product_brand","embeddable":true,"href":"https:\/\/papamoto.tw\/shop\/wp-json\/wp\/v2\/product_brand?post=5404"},{"taxonomy":"product_cat","embeddable":true,"href":"https:\/\/papamoto.tw\/shop\/wp-json\/wp\/v2\/product_cat?post=5404"},{"taxonomy":"product_tag","embeddable":true,"href":"https:\/\/papamoto.tw\/shop\/wp-json\/wp\/v2\/product_tag?post=5404"}],"curies":[{"name":"wp","href":"https:\/\/api.w.org\/{rel}","templated":true}]}}